2277
Let w(b) = 2183*b - 7923. Determine w(4).
809
Let a(t) = -11*t**2 - 5552*t - 11102. What is a(-2)?
-42
Let d(y) = y**3 + 9*y**2 - 21*y - 44. What is d(-8)?
188
Let j(h) = 8*h**3 - 33*h**2 + 63*h - 45. Determine j(9).
3681
Let r(f) = -f**3 - 243*f**2 - 14436*f + 2068. Give r(-104).
-12
Let u(d) = -89725*d + 1076688. Calculate u(12).
-12
Let y(c) = 16*c**3 + 19*c**2 + 5*c + 18. Calculate y(-2).
-44
Let g(u) = -u**3 + 54*u**2 + 111*u + 101. Determine g(56).
45
Let b(v) = 3*v**3 + 526*v**2 - 56000*v - 1. Determine b(-250).
-1
Let p(q) = -q**3 + 96*q**2 + 230*q - 22329. Determine p(96).
-249
Let i(k) = -5*k**2 + 170*k - 992. Determine i(22).
328
Let j(o) = -4*o**3 + 9*o**2 - 40*o - 101. Determine j(-2).
47
Let a(m) = 1761*m + 7056. What is a(-4)?
12
Let a(y) = -477*y + 9503. Give a(18).
917
Let v(t) = -229*t**2 + 4652*t + 14136. Give v(23).
-9
Let j(u) = 731*u + 44642. Determine j(-61).
51
Let f(b) = 5*b**2 - 146*b - 2159. Determine f(40).
1
Let t(l) = 674*l**2 - 718*l + 1432. Determine t(2).
2692
Let s(y) = 996*y + 32869. Calculate s(-33).
1
Let a(r) = -232*r - 1854. Give a(-9).
234
Let y(d) = d**3 - 56*d**2 + 856*d - 748. Calculate y(29).
1369
Let w(k) = -k**3 + 124*k**2 + 21*k + 8541. Determine w(125).
-4459
Let h(n) = -n**2 + 639*n + 54393. Give h(-76).
53
Let z(u) = -1003460*u - 2006897. Give z(-2).
23
Let w(r) = r**3 + 9*r**2 + 133*r + 1424. Calculate w(-10).
-6
Let q(m) = m**3 - m**2 + 1317*m + 175. Calculate q(0).
175
Let x(c) = 8*c**3 - 187*c**2 + 175*c - 2438. Calculate x(23).
0
Let k(s) = 20*s**2 - 714*s - 122. Determine k(36).
94
Let p(y) = -69*y**3 + 5108*y**2 - 159*y + 813. Determine p(74).
-1
Let g(j) = j**3 + 57*j**2 + 175*j - 159. Calculate g(-4).
-11
Let a(z) = z**3 - 158*z**2 - 2346*z + 21032. Calculate a(171).
-1
Let q(f) = -119*f + 119. Determine q(-3).
476
Let l(c) = -133719*c + 668589. Calculate l(5).
-6
Let z(x) = 5*x**3 - 81*x**2 + 84*x + 7. What is z(15)?
-83
Let d(n) = -770*n - 147945. Give d(-192).
-105
Let f(p) = -1316*p - 6486. What is f(-6)?
1410
Let a(s) = 4*s**2 - 5081*s + 1597715. Give a(698).
-7
Let s(y) = 2*y**3 - 90*y**2 + 55*y + 1454. Determine s(44).
2
Let h(t) = 483*t + 3927. What is h(-8)?
63
Let v(g) = 11435*g + 491606. Determine v(-43).
-99
Let p(w) = 880*w + 559603. Give p(-636).
-77
Let h(j) = 3625*j + 18124. Determine h(-5).
-1
Let k(d) = 26165*d + 235488. Give k(-9).
3
Let u(q) = -27*q**2 + 2549*q - 305. Give u(94).
729
Let o(d) = -20*d**3 + 9547*d**2 - 3290*d - 23372. Determine o(477).
1
Let v(k) = 4*k**2 - 72*k + 270. What is v(7)?
-38
Let p(b) = -11*b**2 - 337*b - 1170. Give p(-19).
1262
Let k(z) = -722*z - 25062. Calculate k(-32).
-1958
Let x(p) = -3*p**3 - 72*p**2 - 13*p - 274. What is x(-24)?
38
Let k(p) = -p**2 + 205*p - 8470. Calculate k(56).
-126
Let o(r) = -322*r**2 - 192*r + 203. Give o(1).
-311
Let o(s) = 165*s**2 + 13849*s - 928. What is o(-84)?
-4
Let l(r) = -308282*r + 1233131. What is l(4)?
3
Let a(q) = -1977870*q - 7911469. Determine a(-4).
11
Let a(w) = 2*w**2 - 63*w - 16079. Determine a(-80).
1761
Let a(h) = -2*h**2 - 179*h - 157. Give a(-1).
20
Let n(y) = -20*y**3 + 20*y**2 + 51*y - 337. What is n(3)?
-544
Let k(c) = 2*c**3 + 586*c**2 + 589*c + 1423. What is k(-292)?
-37
Let o(h) = -38*h**3 + 198*h**2 + 219*h - 13. Give o(-1).
4
Let c(h) = -71*h + 7866. Determine c(103).
553
Let f(x) = -x**3 - 96*x**2 + 553*x + 15303. What is f(-100)?
3
Let r(u) = -490*u - 2380. Give r(-5).
70
Let p(r) = -r**2 + 775*r + 14439. Give p(-18).
165
Let x(z) = 202*z - 30722. Calculate x(152).
-18
Let z(x) = 13858*x**2 + 443471*x + 471. Give z(-32).
-9
Let w(k) = -4190*k + 10648. Give w(3).
-1922
Let f(n) = -19*n**2 - 143*n - 55. Calculate f(-7).
15
Let i(b) = -3499*b + 23171. What is i(7)?
-1322
Let x(c) = 2*c**3 - 23*c**2 + 3*c - 193. Give x(12).
-13
Let m(l) = -20405*l - 918229. Calculate m(-45).
-4
Let d(x) = 13146*x - 709888. Give d(54).
-4
Let f(i) = -5*i**2 + 253*i - 667. Calculate f(33).
2237
Let o(x) = -109*x**2 + 6747*x + 680. What is o(62)?
-2
Let k(f) = -7086*f - 7096. Give k(-1).
-10
Let v(r) = -32266*r - 258119. Calculate v(-8).
9
Let f(d) = -d**3 + 3*d**2 + 676*d + 22. Determine f(0).
22
Let k(x) = -1864*x + 63888. Give k(34).
512
Let l(d) = -385*d + 49213. What is l(128)?
-67
Let m(b) = -9*b**2 - 15242*b - 181588. Calculate m(-12).
20
Let s(w) = 954*w - 1457. Give s(3).
1405
Let f(z) = -29*z**2 + 254*z - 4. What is f(-4)?
-1484
Let o(k) = -2*k**2 - 1070*k - 96576. Calculate o(-420).
24
Let p(w) = -19*w**2 - 591*w + 2381. Calculate p(4).
-287
Let b(q) = -10960*q - 690519. What is b(-63)?
-39
Let h(w) = 1124*w + 749724. Calculate h(-667).
16
Let b(o) = o**2 + 1270*o - 20604. What is b(16)?
-28
Let n(k) = -3*k**3 + 359*k**2 + 870*k - 1030. Give n(122).
922
Let i(d) = d**3 + 49*d**2 - 894*d + 1146. Give i(13).
2
Let j(i) = 34409*i + 172062. Calculate j(-5).
17
Let t(z) = -244*z + 162778. What is t(667)?
30
Let n(w) = -13*w**3 + 1625*w**2 + 229*w - 28620. Determine n(125).
5
Let q(m) = m**3 - 8*m**2 - 562*m - 3470. Give q(-8).
2
Let l(k) = k**3 + 5*k**2 + 120*k + 2486. Calculate l(-12).
38
Let b(l) = -l**3 + 234*l**2 - 963*l + 9906. What is b(230)?
16
Let t(m) = -m**3 + 16*m**2 + 23*m + 587. Calculate t(21).
-1135
Let q(w) = 2*w**3 + 33*w**2 - 3*w - 95. Give q(-16).
209
Let f(u) = 19626*u - 372907. Determine f(19).
-13
Let g(a) = a**3 - 190*a**2 + 447*a - 4. Determine g(0).
-4
Let o(m) = -m**2 - 127*m - 2651. Determine o(-27).
49
Let c(d) = 2*d**3 - 66*d**2 + 21*d + 71. Give c(33).
764
Let o(g) = -16439*g - 82061. Give o(-5).
134
Let t(v) = 6*v**3 + 882*v**2 - 5*v - 770. Calculate t(-147).
-35
Let v(d) = -3*d**3 + 1279*d**2 - 10448*d - 808. What is v(418)?
28
Let j(o) = 6*o**2 - 862*o + 6631. What is j(8)?
119
Let l(z) = 5*z**3 + 502*z**2 + 380*z - 30983. What is l(-99)?
4
Let s(f) = f**3 + 156*f**2 + 2814*f - 2850. Give s(-135).
-15
Let o(q) = -937*q + 48315. What is o(49)?
2402
Let h(i) = 81*i**2 + 2757*i + 2777. What is h(-33)?
5
Let h(w) = -2579*w + 28223. Calculate h(10).
2433
Let y(b) = -b**2 + 10073*b + 202341. Calculate y(-20).
481
Let v(f) = -294*f + 1334. What is v(5)?
-136
Let h(j) = 133*j - 17254. What is h(122)?
-1028
Let k(b) = -6031*b + 126635. Calculate k(21).
-16
Let p(c) = c**3 + 42*c**2 - 779*c + 2781. Determine p(9).
-99
Let x(k) = -8*k**3 - 149*k**2 - 181*k - 2229. What is x(-18)?
-591
Let g(r) = 446*r + 11619. What is g(-26)?
23
Let y(i) = 44*i**2 - 736*i - 32. Give y(18).
976
Let b(l) = 7*l**2 - 1263*l + 45890. Give b(130).
0
Let a(l) = 111*l**3 + 2001*l + 2002. Give a(-1).
-110
Let w(a) = -59*a**2 + 7436*a - 314. Determine w(126).
-62
Let t(b) = 1763*b + 29984. Give t(-17).
13
Let f(m) = -4*m**3 + 414*m**2 - 616*m + 405. Determine f(102).
-3
Let n(y) = -12*y**3 + 61*y**2 + 2*y + 47. Determine n(-5).
3062
Let v(h) = -17491*h - 17486. Calculate v(-1).
5
Let w(c) = -23*c**2 + 1832*c - 1523. Calculate w(79).
-338
Let p(v) = -v**3 + 53*v**2 + 14397*v - 763007. Calculate p(53).
34
Let z(t) = -t**2 - 223*t + 16666. Determine z(59).
28
Let z(o) = -27*o**2 + 7608*o - 13441. What is z(280)?
-1
Let g(p) = -28115*p - 224573. What is g(-8)?
347
Let k(s) = -19*s**2 + 4765*s - 35956. Give k(243).
8
Let f(z) = -5*z**2 - 2205*z + 117359. Give f(48).
-1
Let z(i) = -140*i**2 + 1258*i - 2506. What is z(6)?
2
Let a(r) = -9516*r - 9640. Determine a(-1).
-124
Let w(o) = 7628*o + 1296746. Give w(-170).
-14
Let r(n) = 7915*n - 105832. Determine r(13).
-2937
Let z(f) = -37*f**2 + 801*f + 1149. What is z(23)?
-1
Let k(g) = -3063*g - 226662. What is k(-74)?
0
Let k(a) = -15*a**2 - 77*a + 294. Determine k(4).
-254
Let i(v) = 12*v**2 + 122537*v - 367633. What is i(3)?
86
Let u(j) = -12*j**2 - 489*j - 4750. Determine u(-27).
-295
Let f(d) = -2*d**2 - 834*d - 80594. Calculate f(-265).
-34
Let r(z) = 24*z - 8753. What is r(375)?
247
Let d(z) = 2*z**2 - 252*z - 8880. Give d(-28).
-256
Let h(a) = -2*a**3 + 10*a**2 + 1995*a - 13781. Calculate h(7).
-12
Let b(c) = 2*c**2 - 421*c + 5664. Give b(196).
-20
Let r(s) = 3*s**3 + 102*s**2 + 9*s + 31. What is r(-34)?
-275
Let g(n) = 6*n**2 + 142*n - 762. Calculate g(5).
98
Let b(a) = -672*a**2 - 2736*a. Calculate b(-4).
192
Let h(t) = 48*t**2 + 588*t + 4. Determine h(-12).
-140
Let n(g) = -10*g**3 + 38*g**2 + 56*g - 5. What is n(5)?
-25
Let i(u) = -13*u**3